{"id":5498,"date":"2024-02-26T12:21:30","date_gmt":"2024-02-26T12:21:30","guid":{"rendered":"https:\/\/www.ikinciteknoloji.com\/?page_id=5498"},"modified":"2025-11-24T08:37:47","modified_gmt":"2025-11-24T08:37:47","slug":"sistem-kurulum-ve-entegrasyon","status":"publish","type":"page","link":"https:\/\/www.ikinciteknoloji.com\/index.php\/sistem-kurulum-ve-entegrasyon\/","title":{"rendered":"Sistem Kurulum ve Entegrasyon"},"content":{"rendered":"\t\t<div data-elementor-type=\"wp-page\" data-elementor-id=\"5498\" class=\"elementor elementor-5498\">\n\t\t\t\t<div class=\"elementor-element elementor-element-ca49da6 e-flex e-con-boxed e-con e-parent\" data-id=\"ca49da6\" data-element_type=\"container\" data-e-type=\"container\">\n\t\t\t\t\t<div class=\"e-con-inner\">\n\t\t\t\t<div class=\"elementor-element elementor-element-d03d882 elementor-widget elementor-widget-text-editor\" data-id=\"d03d882\" data-element_type=\"widget\" data-e-type=\"widget\" data-widget_type=\"text-editor.default\">\n\t\t\t\t<div class=\"elementor-widget-container\">\n\t\t\t\t\t\t\t\t\t<p>\u00a0<\/p><div class=\"tatsu-module tatsu-inline-text clearfix tatsu-6lfDe83yG   \"><div class=\"tatsu-inline-text-inner tatsu-align-center\"><h4><strong>D\u00dc\u015e\u00dcK MAL\u0130YET \u00dcRETKEN ALTYAPI<\/strong><\/h4><\/div><\/div><div class=\"tatsu-module tatsu-text-block-wrap tatsu-rkMkusUe3V  \"><div class=\"tatsu-text-inner tatsu-align-center  clearfix\">\u00a0<\/div><\/div><p class=\"p1\">Kurum ve kurulu\u015flar\u0131n, BT altyap\u0131s\u0131n\u0131n bir sisteme ba\u011fl\u0131 olarak s\u00fcrekli ve verimli bir \u015fekilde \u00e7al\u0131\u015fmas\u0131; geli\u015fen teknolojiye ayak uydurmas\u0131,devaml\u0131l\u0131k i\u00e7in en temel ihtiya\u00e7lardan birini olu\u015fturmaktad\u0131r.\u0130\u015f ak\u0131\u015f\u0131n\u0131 son derece kolayla\u015ft\u0131ran bu sistemlerin hi\u00e7 aksamadan \u00e7al\u0131\u015fabilme gereklili\u011fi, g\u00fc\u00e7l\u00fc bir entegrasyonla m\u00fcmk\u00fcnd\u00fcr.Entegrasyon,birbirinden ba\u011f\u0131ms\u0131z \u00e7al\u0131\u015fan sistemlerin birle\u015ftirilerek bir arada \u00e7al\u0131\u015fmalar\u0131n\u0131 sa\u011flamakt\u0131r.Uygulama, veritaban\u0131 ve kritik sistemlerin aralar\u0131nda ger\u00e7ek zamanl\u0131 ve i\u015flem bazl\u0131 veri iletimi sa\u011flanarak verimlilik artmakta,maliyet d\u00fc\u015fmekte ve \u00fcretken bir altyap\u0131 olu\u015fmaktad\u0131r.B\u00fct\u00fcnle\u015fik yap\u0131y\u0131 hayata ge\u00e7irdikten sonra,nas\u0131l y\u00f6netilece\u011finin bilgisinin sorumlu ki\u015filere aktar\u0131lmas\u0131 ve zaman i\u00e7inde olu\u015fan sorulara do\u011fru cevaplar verilmesi Sistem Entegrasyonu\u2019nun ba\u015far\u0131 ile s\u00fcrd\u00fcr\u00fclmesini sa\u011flamaktad\u0131r.<\/p><p class=\"p1\">M\u00fc\u015fteri gereksinimleri do\u011frultusunda sunucu \u00e7\u00f6z\u00fcmleri \u00fcretmek,katma de\u011ferli hizmetler sa\u011flamak, entegre edilebilen ve y\u00fcksek verimlili\u011fi hedefleyen platformlar olu\u015fturmak uzmanl\u0131k alanlar\u0131m\u0131zdan biridir.E\u011fitimli teknik personeli ve m\u00fc\u015fteri referanslar\u0131 ile uzmanl\u0131klar\u0131n\u0131 art\u0131rarak sekt\u00f6rde kal\u0131c\u0131 \u00e7\u00f6z\u00fcmler sunan ve geli\u015ftiren lider firmalardan birisi olmaya devam etmekteyiz.<\/p><p class=\"p1\">Bilgi i\u015flem ortamlar\u0131ndaki farkl\u0131 platformlara ait karma yap\u0131lar\u0131n artmas\u0131,b\u00fcy\u00fcyen sistemlerin artan y\u00f6netim gereksinimleri, \u00f6zg\u00fcn ihtiya\u00e7lar ve maliyet,etkin \u00e7\u00f6z\u00fcm beklentileri Bilgi Teknolojileri yap\u0131lar\u0131n\u0131n entegre edilmesini gerektirmektedir. <strong>\u0130kinci Teknoloji,<\/strong> bu t\u00fcr ihtiya\u00e7lar\u0131n\u0131za \u00e7\u00f6z\u00fcm olacak \u015fekilde tasarlanm\u0131\u015f kapsaml\u0131 servisler sunmaktad\u0131r.Sahip oldu\u011fumuz uzmanl\u0131klar kapsam\u0131nda m\u00fc\u015fterilerimize Bilgi Teknolojileri yat\u0131r\u0131mlar\u0131n\u0131 geni\u015fletmek ve yenilemek i\u00e7in konular\u0131nda uzman,uluslararas\u0131 sertifikalara sahip ekibimizle Teknik Destek ve Dan\u0131\u015fmal\u0131k Hizmetleri sunmaktay\u0131z<\/p>\t\t\t\t\t\t\t\t<\/div>\n\t\t\t\t<\/div>\n\t\t\t\t<div class=\"elementor-element elementor-element-e8e46be elementor-align-center elementor-widget elementor-widget-ibutton\" data-id=\"e8e46be\" data-element_type=\"widget\" data-e-type=\"widget\" data-widget_type=\"ibutton.default\">\n\t\t\t\t<div class=\"elementor-widget-container\">\n\t\t\t\t\t\t\t<div class=\"ot-button\">\r\n\t\t\t<a href=\"#\" class=\"octf-btn octf-btn-primary\">Teklif Al\u0131n<\/a>\r\n\t    <\/div>\r\n\t    \t\t\t\t<\/div>\n\t\t\t\t<\/div>\n\t\t<div class=\"elementor-element elementor-element-f206fd9 e-flex e-con-boxed e-con e-child\" data-id=\"f206fd9\" data-element_type=\"container\" data-e-type=\"container\">\n\t\t\t\t\t<div class=\"e-con-inner\">\n\t\t\t\t\t<\/div>\n\t\t\t\t<\/div>\n\t\t\t\t\t<\/div>\n\t\t\t\t<\/div>\n\t\t\t\t<\/div>\n\t\t","protected":false},"excerpt":{"rendered":"<p>\u00a0 D\u00dc\u015e\u00dcK MAL\u0130YET \u00dcRETKEN ALTYAPI \u00a0 Kurum ve kurulu\u015flar\u0131n, BT altyap\u0131s\u0131n\u0131n bir sisteme ba\u011fl\u0131 olarak s\u00fcrekli ve verimli bir \u015fekilde \u00e7al\u0131\u015fmas\u0131; geli\u015fen teknolojiye ayak uydurmas\u0131,devaml\u0131l\u0131k i\u00e7in en temel ihtiya\u00e7lardan birini olu\u015fturmaktad\u0131r.\u0130\u015f ak\u0131\u015f\u0131n\u0131 son derece kolayla\u015ft\u0131ran bu sistemlerin hi\u00e7 aksamadan \u00e7al\u0131\u015fabilme gereklili\u011fi, g\u00fc\u00e7l\u00fc bir entegrasyonla m\u00fcmk\u00fcnd\u00fcr.Entegrasyon,birbirinden ba\u011f\u0131ms\u0131z \u00e7al\u0131\u015fan sistemlerin birle\u015ftirilerek bir arada \u00e7al\u0131\u015fmalar\u0131n\u0131 sa\u011flamakt\u0131r.Uygulama, veritaban\u0131 ve [&hellip;]<\/p>\n","protected":false},"author":1,"featured_media":0,"parent":0,"menu_order":0,"comment_status":"closed","ping_status":"closed","template":"","meta":{"googlesitekit_rrm_CAow5vTCDA:productID":"","footnotes":""},"class_list":["post-5498","page","type-page","status-publish","hentry"],"yoast_head":"<!-- This site is optimized with the Yoast SEO plugin v27.2 - https:\/\/yoast.com\/product\/yoast-seo-wordpress\/ -->\n<title>Sistem Kurulum ve Entegrasyon - \u0130kinci Teknoloji<\/title>\n<meta name=\"description\" content=\"M\u00fc\u015fteri gereksinimleri do\u011frultusunda sunucu \u00e7\u00f6z\u00fcmleri \u00fcretmek,katma de\u011ferli hizmetler sa\u011flamak, entegre edilebilen ve y\u00fcksek verimlili\u011fi hedefleyen platformlar olu\u015fturmak uzmanl\u0131k alanlar\u0131m\u0131zdan biridir.E\u011fitimli teknik personeli ve m\u00fc\u015fteri referanslar\u0131 ile uzmanl\u0131klar\u0131n\u0131 art\u0131rarak sekt\u00f6rde kal\u0131c\u0131 \u00e7\u00f6z\u00fcmler sunan ve geli\u015ftiren lider firmalardan birisi olmaya devam etmekteyiz.\" \/>\n<meta name=\"robots\" content=\"index, follow, max-snippet:-1, max-image-preview:large, max-video-preview:-1\" \/>\n<link rel=\"canonical\" href=\"https:\/\/www.ikinciteknoloji.com\/index.php\/sistem-kurulum-ve-entegrasyon\/\" \/>\n<meta property=\"og:locale\" content=\"tr_TR\" \/>\n<meta property=\"og:type\" content=\"article\" \/>\n<meta property=\"og:title\" content=\"Sistem Kurulum ve Entegrasyon - \u0130kinci Teknoloji\" \/>\n<meta property=\"og:description\" content=\"M\u00fc\u015fteri gereksinimleri do\u011frultusunda sunucu \u00e7\u00f6z\u00fcmleri \u00fcretmek,katma de\u011ferli hizmetler sa\u011flamak, entegre edilebilen ve y\u00fcksek verimlili\u011fi hedefleyen platformlar olu\u015fturmak uzmanl\u0131k alanlar\u0131m\u0131zdan biridir.E\u011fitimli teknik personeli ve m\u00fc\u015fteri referanslar\u0131 ile uzmanl\u0131klar\u0131n\u0131 art\u0131rarak sekt\u00f6rde kal\u0131c\u0131 \u00e7\u00f6z\u00fcmler sunan ve geli\u015ftiren lider firmalardan birisi olmaya devam etmekteyiz.\" \/>\n<meta property=\"og:url\" content=\"https:\/\/www.ikinciteknoloji.com\/index.php\/sistem-kurulum-ve-entegrasyon\/\" \/>\n<meta property=\"og:site_name\" content=\"\u0130kinci Teknoloji\" \/>\n<meta property=\"article:publisher\" content=\"https:\/\/www.facebook.com\/ikinciteknoloji\" \/>\n<meta property=\"article:modified_time\" content=\"2025-11-24T08:37:47+00:00\" \/>\n<meta name=\"twitter:card\" content=\"summary_large_image\" \/>\n<meta name=\"twitter:label1\" content=\"Tahmini okuma s\u00fcresi\" \/>\n\t<meta name=\"twitter:data1\" content=\"2 dakika\" \/>\n<script type=\"application\/ld+json\" class=\"yoast-schema-graph\">{\"@context\":\"https:\/\/schema.org\",\"@graph\":[{\"@type\":\"WebPage\",\"@id\":\"https:\/\/www.ikinciteknoloji.com\/index.php\/sistem-kurulum-ve-entegrasyon\/\",\"url\":\"https:\/\/www.ikinciteknoloji.com\/index.php\/sistem-kurulum-ve-entegrasyon\/\",\"name\":\"Sistem Kurulum ve Entegrasyon - \u0130kinci Teknoloji\",\"isPartOf\":{\"@id\":\"https:\/\/www.ikinciteknoloji.com\/#website\"},\"datePublished\":\"2024-02-26T12:21:30+00:00\",\"dateModified\":\"2025-11-24T08:37:47+00:00\",\"description\":\"M\u00fc\u015fteri gereksinimleri do\u011frultusunda sunucu \u00e7\u00f6z\u00fcmleri \u00fcretmek,katma de\u011ferli hizmetler sa\u011flamak, entegre edilebilen ve y\u00fcksek verimlili\u011fi hedefleyen platformlar olu\u015fturmak uzmanl\u0131k alanlar\u0131m\u0131zdan biridir.E\u011fitimli teknik personeli ve m\u00fc\u015fteri referanslar\u0131 ile uzmanl\u0131klar\u0131n\u0131 art\u0131rarak sekt\u00f6rde kal\u0131c\u0131 \u00e7\u00f6z\u00fcmler sunan ve geli\u015ftiren lider firmalardan birisi olmaya devam etmekteyiz.\",\"breadcrumb\":{\"@id\":\"https:\/\/www.ikinciteknoloji.com\/index.php\/sistem-kurulum-ve-entegrasyon\/#breadcrumb\"},\"inLanguage\":\"tr\",\"potentialAction\":[{\"@type\":\"ReadAction\",\"target\":[\"https:\/\/www.ikinciteknoloji.com\/index.php\/sistem-kurulum-ve-entegrasyon\/\"]}]},{\"@type\":\"BreadcrumbList\",\"@id\":\"https:\/\/www.ikinciteknoloji.com\/index.php\/sistem-kurulum-ve-entegrasyon\/#breadcrumb\",\"itemListElement\":[{\"@type\":\"ListItem\",\"position\":1,\"name\":\"Anasayfa\",\"item\":\"https:\/\/www.ikinciteknoloji.com\/\"},{\"@type\":\"ListItem\",\"position\":2,\"name\":\"Sistem Kurulum ve Entegrasyon\"}]},{\"@type\":\"WebSite\",\"@id\":\"https:\/\/www.ikinciteknoloji.com\/#website\",\"url\":\"https:\/\/www.ikinciteknoloji.com\/\",\"name\":\"\u0130kinci Teknoloji\",\"description\":\"Donan\u0131m ve Yaz\u0131l\u0131m Hizmetleri\",\"publisher\":{\"@id\":\"https:\/\/www.ikinciteknoloji.com\/#organization\"},\"potentialAction\":[{\"@type\":\"SearchAction\",\"target\":{\"@type\":\"EntryPoint\",\"urlTemplate\":\"https:\/\/www.ikinciteknoloji.com\/?s={search_term_string}\"},\"query-input\":{\"@type\":\"PropertyValueSpecification\",\"valueRequired\":true,\"valueName\":\"search_term_string\"}}],\"inLanguage\":\"tr\"},{\"@type\":\"Organization\",\"@id\":\"https:\/\/www.ikinciteknoloji.com\/#organization\",\"name\":\"\u0130kinci Teknoloji\",\"url\":\"https:\/\/www.ikinciteknoloji.com\/\",\"logo\":{\"@type\":\"ImageObject\",\"inLanguage\":\"tr\",\"@id\":\"https:\/\/www.ikinciteknoloji.com\/#\/schema\/logo\/image\/\",\"url\":\"https:\/\/www.ikinciteknoloji.com\/wp-content\/uploads\/2019\/12\/ikinci-teknoloji-2.png\",\"contentUrl\":\"https:\/\/www.ikinciteknoloji.com\/wp-content\/uploads\/2019\/12\/ikinci-teknoloji-2.png\",\"width\":4961,\"height\":3508,\"caption\":\"\u0130kinci Teknoloji\"},\"image\":{\"@id\":\"https:\/\/www.ikinciteknoloji.com\/#\/schema\/logo\/image\/\"},\"sameAs\":[\"https:\/\/www.facebook.com\/ikinciteknoloji\",\"https:\/\/www.instagram.com\/ikinciteknoloji\/\"]}]}<\/script>\n<!-- \/ Yoast SEO plugin. -->","yoast_head_json":{"title":"Sistem Kurulum ve Entegrasyon - \u0130kinci Teknoloji","description":"M\u00fc\u015fteri gereksinimleri do\u011frultusunda sunucu \u00e7\u00f6z\u00fcmleri \u00fcretmek,katma de\u011ferli hizmetler sa\u011flamak, entegre edilebilen ve y\u00fcksek verimlili\u011fi hedefleyen platformlar olu\u015fturmak uzmanl\u0131k alanlar\u0131m\u0131zdan biridir.E\u011fitimli teknik personeli ve m\u00fc\u015fteri referanslar\u0131 ile uzmanl\u0131klar\u0131n\u0131 art\u0131rarak sekt\u00f6rde kal\u0131c\u0131 \u00e7\u00f6z\u00fcmler sunan ve geli\u015ftiren lider firmalardan birisi olmaya devam etmekteyiz.","robots":{"index":"index","follow":"follow","max-snippet":"max-snippet:-1","max-image-preview":"max-image-preview:large","max-video-preview":"max-video-preview:-1"},"canonical":"https:\/\/www.ikinciteknoloji.com\/index.php\/sistem-kurulum-ve-entegrasyon\/","og_locale":"tr_TR","og_type":"article","og_title":"Sistem Kurulum ve Entegrasyon - \u0130kinci Teknoloji","og_description":"M\u00fc\u015fteri gereksinimleri do\u011frultusunda sunucu \u00e7\u00f6z\u00fcmleri \u00fcretmek,katma de\u011ferli hizmetler sa\u011flamak, entegre edilebilen ve y\u00fcksek verimlili\u011fi hedefleyen platformlar olu\u015fturmak uzmanl\u0131k alanlar\u0131m\u0131zdan biridir.E\u011fitimli teknik personeli ve m\u00fc\u015fteri referanslar\u0131 ile uzmanl\u0131klar\u0131n\u0131 art\u0131rarak sekt\u00f6rde kal\u0131c\u0131 \u00e7\u00f6z\u00fcmler sunan ve geli\u015ftiren lider firmalardan birisi olmaya devam etmekteyiz.","og_url":"https:\/\/www.ikinciteknoloji.com\/index.php\/sistem-kurulum-ve-entegrasyon\/","og_site_name":"\u0130kinci Teknoloji","article_publisher":"https:\/\/www.facebook.com\/ikinciteknoloji","article_modified_time":"2025-11-24T08:37:47+00:00","twitter_card":"summary_large_image","twitter_misc":{"Tahmini okuma s\u00fcresi":"2 dakika"},"schema":{"@context":"https:\/\/schema.org","@graph":[{"@type":"WebPage","@id":"https:\/\/www.ikinciteknoloji.com\/index.php\/sistem-kurulum-ve-entegrasyon\/","url":"https:\/\/www.ikinciteknoloji.com\/index.php\/sistem-kurulum-ve-entegrasyon\/","name":"Sistem Kurulum ve Entegrasyon - \u0130kinci Teknoloji","isPartOf":{"@id":"https:\/\/www.ikinciteknoloji.com\/#website"},"datePublished":"2024-02-26T12:21:30+00:00","dateModified":"2025-11-24T08:37:47+00:00","description":"M\u00fc\u015fteri gereksinimleri do\u011frultusunda sunucu \u00e7\u00f6z\u00fcmleri \u00fcretmek,katma de\u011ferli hizmetler sa\u011flamak, entegre edilebilen ve y\u00fcksek verimlili\u011fi hedefleyen platformlar olu\u015fturmak uzmanl\u0131k alanlar\u0131m\u0131zdan biridir.E\u011fitimli teknik personeli ve m\u00fc\u015fteri referanslar\u0131 ile uzmanl\u0131klar\u0131n\u0131 art\u0131rarak sekt\u00f6rde kal\u0131c\u0131 \u00e7\u00f6z\u00fcmler sunan ve geli\u015ftiren lider firmalardan birisi olmaya devam etmekteyiz.","breadcrumb":{"@id":"https:\/\/www.ikinciteknoloji.com\/index.php\/sistem-kurulum-ve-entegrasyon\/#breadcrumb"},"inLanguage":"tr","potentialAction":[{"@type":"ReadAction","target":["https:\/\/www.ikinciteknoloji.com\/index.php\/sistem-kurulum-ve-entegrasyon\/"]}]},{"@type":"BreadcrumbList","@id":"https:\/\/www.ikinciteknoloji.com\/index.php\/sistem-kurulum-ve-entegrasyon\/#breadcrumb","itemListElement":[{"@type":"ListItem","position":1,"name":"Anasayfa","item":"https:\/\/www.ikinciteknoloji.com\/"},{"@type":"ListItem","position":2,"name":"Sistem Kurulum ve Entegrasyon"}]},{"@type":"WebSite","@id":"https:\/\/www.ikinciteknoloji.com\/#website","url":"https:\/\/www.ikinciteknoloji.com\/","name":"\u0130kinci Teknoloji","description":"Donan\u0131m ve Yaz\u0131l\u0131m Hizmetleri","publisher":{"@id":"https:\/\/www.ikinciteknoloji.com\/#organization"},"potentialAction":[{"@type":"SearchAction","target":{"@type":"EntryPoint","urlTemplate":"https:\/\/www.ikinciteknoloji.com\/?s={search_term_string}"},"query-input":{"@type":"PropertyValueSpecification","valueRequired":true,"valueName":"search_term_string"}}],"inLanguage":"tr"},{"@type":"Organization","@id":"https:\/\/www.ikinciteknoloji.com\/#organization","name":"\u0130kinci Teknoloji","url":"https:\/\/www.ikinciteknoloji.com\/","logo":{"@type":"ImageObject","inLanguage":"tr","@id":"https:\/\/www.ikinciteknoloji.com\/#\/schema\/logo\/image\/","url":"https:\/\/www.ikinciteknoloji.com\/wp-content\/uploads\/2019\/12\/ikinci-teknoloji-2.png","contentUrl":"https:\/\/www.ikinciteknoloji.com\/wp-content\/uploads\/2019\/12\/ikinci-teknoloji-2.png","width":4961,"height":3508,"caption":"\u0130kinci Teknoloji"},"image":{"@id":"https:\/\/www.ikinciteknoloji.com\/#\/schema\/logo\/image\/"},"sameAs":["https:\/\/www.facebook.com\/ikinciteknoloji","https:\/\/www.instagram.com\/ikinciteknoloji\/"]}]}},"jetpack_sharing_enabled":true,"_links":{"self":[{"href":"https:\/\/www.ikinciteknoloji.com\/index.php\/wp-json\/wp\/v2\/pages\/5498","targetHints":{"allow":["GET"]}}],"collection":[{"href":"https:\/\/www.ikinciteknoloji.com\/index.php\/wp-json\/wp\/v2\/pages"}],"about":[{"href":"https:\/\/www.ikinciteknoloji.com\/index.php\/wp-json\/wp\/v2\/types\/page"}],"author":[{"embeddable":true,"href":"https:\/\/www.ikinciteknoloji.com\/index.php\/wp-json\/wp\/v2\/users\/1"}],"replies":[{"embeddable":true,"href":"https:\/\/www.ikinciteknoloji.com\/index.php\/wp-json\/wp\/v2\/comments?post=5498"}],"version-history":[{"count":4,"href":"https:\/\/www.ikinciteknoloji.com\/index.php\/wp-json\/wp\/v2\/pages\/5498\/revisions"}],"predecessor-version":[{"id":5503,"href":"https:\/\/www.ikinciteknoloji.com\/index.php\/wp-json\/wp\/v2\/pages\/5498\/revisions\/5503"}],"wp:attachment":[{"href":"https:\/\/www.ikinciteknoloji.com\/index.php\/wp-json\/wp\/v2\/media?parent=5498"}],"curies":[{"name":"wp","href":"https:\/\/api.w.org\/{rel}","templated":true}]}}