{"id":5767,"date":"2024-03-17T21:15:25","date_gmt":"2024-03-17T21:15:25","guid":{"rendered":"https:\/\/www.ikinciteknoloji.com\/?page_id=5767"},"modified":"2024-03-17T21:17:13","modified_gmt":"2024-03-17T21:17:13","slug":"bilisim-guvenligi","status":"publish","type":"page","link":"https:\/\/www.ikinciteknoloji.com\/index.php\/bilisim-guvenligi\/","title":{"rendered":"Bili\u015fim G\u00fcvenli\u011fi \u00c7\u00f6z\u00fcmleri"},"content":{"rendered":"\t\t<div data-elementor-type=\"wp-page\" data-elementor-id=\"5767\" class=\"elementor elementor-5767\">\n\t\t\t\t<div class=\"elementor-element elementor-element-b656439 e-flex e-con-boxed e-con e-parent\" data-id=\"b656439\" data-element_type=\"container\" data-e-type=\"container\">\n\t\t\t\t\t<div class=\"e-con-inner\">\n\t\t\t\t<div class=\"elementor-element elementor-element-dd49a4b elementor-widget elementor-widget-heading\" data-id=\"dd49a4b\" data-element_type=\"widget\" data-e-type=\"widget\" data-widget_type=\"heading.default\">\n\t\t\t\t<div class=\"elementor-widget-container\">\n\t\t\t\t\t<h2 class=\"elementor-heading-title elementor-size-default\">Bili\u015fim G\u00fcvenli\u011fi \u00c7\u00f6z\u00fcmleri<\/h2>\t\t\t\t<\/div>\n\t\t\t\t<\/div>\n\t\t\t\t\t<\/div>\n\t\t\t\t<\/div>\n\t\t<div class=\"elementor-element elementor-element-2b3698fe e-flex e-con-boxed e-con e-parent\" data-id=\"2b3698fe\" data-element_type=\"container\" data-e-type=\"container\">\n\t\t\t\t\t<div class=\"e-con-inner\">\n\t\t\t\t<div class=\"elementor-element elementor-element-235958ac elementor-widget elementor-widget-text-editor\" data-id=\"235958ac\" data-element_type=\"widget\" data-e-type=\"widget\" data-widget_type=\"text-editor.default\">\n\t\t\t\t<div class=\"elementor-widget-container\">\n\t\t\t\t\t\t\t\t\t\n<p>Kurumlar i\u00e7in hayati \u00f6neme sahip olan bilgilerin, g\u00fcn\u00fcm\u00fczde illegal yollarla elde edilebilmesi, kurumlar i\u00e7in b\u00fcy\u00fck bir tehdit olu\u015fturmaktad\u0131r.Zararl\u0131 bir uygulaman\u0131n \u00e7al\u0131\u015ft\u0131\u011f\u0131 bilgisayar art\u0131k sahibine ait olmaktan \u00e7\u0131km\u0131\u015ft\u0131r.Geli\u015fen internet a\u011f\u0131 ve sistemlerle birlikte, bilgi g\u00fcvenli\u011finin sa\u011flanmas\u0131, sadece a\u011f yap\u0131s\u0131n\u0131 korunman\u0131n yeterli olmad\u0131\u011f\u0131 durumlarda; u\u00e7tan uca g\u00fcvenlik \u00e7\u00f6z\u00fcmleriyle \u00f6nlem almak vazge\u00e7ilmez bir gereklilik haline gelmi\u015ftir.<\/p>\n\n\n\n<p>Kurumlar i\u00e7in sadece a\u011f baz\u0131nda g\u00fcvenlik sa\u011flayan g\u00fcvenlik duvar\u0131 (Firewall), IDS\/IPS gibi \u00fcr\u00fcnlerin d\u0131\u015f\u0131nda; web sitesi g\u00fcvenli\u011fi (Web Application Firewall), e-posta g\u00fcvenli\u011fi (Anti-Spam Gateway) web ve uygulama g\u00fcvenli\u011fi (Web Filter &amp; Application Filter), network eri\u015fim kontrol\u00fc (NAC), veri kayb\u0131 \u00f6nleme (DLP),b\u00fct\u00fcnle\u015fik g\u00fcvenlik platformu(SIEM) ve son kullan\u0131c\u0131 g\u00fcvenli\u011fi gibi \u00e7\u00f6z\u00fcmleri de g\u00fcvenlik b\u00fct\u00fcn\u00fcn\u00fc tamamlayan par\u00e7alar olarak d\u00fc\u015f\u00fcnmek gerekmektedir. <strong>\u0130kinci Teknoloji,<\/strong> bili\u015fim g\u00fcvenli\u011fi \u00e7\u00f6z\u00fcmleriyle kurumsal bilgilerinizi en g\u00fc\u00e7l\u00fc \u015fekilde muhafaza etmektedir.<\/p>\n\t\t\t\t\t\t\t\t<\/div>\n\t\t\t\t<\/div>\n\t\t\t\t\t<\/div>\n\t\t\t\t<\/div>\n\t\t\t\t<\/div>\n\t\t","protected":false},"excerpt":{"rendered":"<p>Bili\u015fim G\u00fcvenli\u011fi \u00c7\u00f6z\u00fcmleri Kurumlar i\u00e7in hayati \u00f6neme sahip olan bilgilerin, g\u00fcn\u00fcm\u00fczde illegal yollarla elde edilebilmesi, kurumlar i\u00e7in b\u00fcy\u00fck bir tehdit olu\u015fturmaktad\u0131r.Zararl\u0131 bir uygulaman\u0131n \u00e7al\u0131\u015ft\u0131\u011f\u0131 bilgisayar art\u0131k sahibine ait olmaktan \u00e7\u0131km\u0131\u015ft\u0131r.Geli\u015fen internet a\u011f\u0131 ve sistemlerle birlikte, bilgi g\u00fcvenli\u011finin sa\u011flanmas\u0131, sadece a\u011f yap\u0131s\u0131n\u0131 korunman\u0131n yeterli olmad\u0131\u011f\u0131 durumlarda; u\u00e7tan uca g\u00fcvenlik \u00e7\u00f6z\u00fcmleriyle \u00f6nlem almak vazge\u00e7ilmez bir gereklilik haline [&hellip;]<\/p>\n","protected":false},"author":1,"featured_media":0,"parent":0,"menu_order":0,"comment_status":"closed","ping_status":"closed","template":"","meta":{"googlesitekit_rrm_CAow5vTCDA:productID":"","footnotes":""},"class_list":["post-5767","page","type-page","status-publish","hentry"],"yoast_head":"<!-- This site is optimized with the Yoast SEO plugin v27.2 - https:\/\/yoast.com\/product\/yoast-seo-wordpress\/ -->\n<title>Bili\u015fim G\u00fcvenli\u011fi \u00c7\u00f6z\u00fcmleri - \u0130kinci Teknoloji<\/title>\n<meta name=\"description\" content=\"Kurumlar i\u00e7in hayati \u00f6neme sahip olan bilgilerin, g\u00fcn\u00fcm\u00fczde illegal yollarla elde edilebilmesi, kurumlar i\u00e7in b\u00fcy\u00fck bir tehdit olu\u015fturmaktad\u0131r.\" \/>\n<meta name=\"robots\" content=\"index, follow, max-snippet:-1, max-image-preview:large, max-video-preview:-1\" \/>\n<link rel=\"canonical\" href=\"https:\/\/www.ikinciteknoloji.com\/index.php\/bilisim-guvenligi\/\" \/>\n<meta property=\"og:locale\" content=\"tr_TR\" \/>\n<meta property=\"og:type\" content=\"article\" \/>\n<meta property=\"og:title\" content=\"Bili\u015fim G\u00fcvenli\u011fi \u00c7\u00f6z\u00fcmleri - \u0130kinci Teknoloji\" \/>\n<meta property=\"og:description\" content=\"Kurumlar i\u00e7in hayati \u00f6neme sahip olan bilgilerin, g\u00fcn\u00fcm\u00fczde illegal yollarla elde edilebilmesi, kurumlar i\u00e7in b\u00fcy\u00fck bir tehdit olu\u015fturmaktad\u0131r.\" \/>\n<meta property=\"og:url\" content=\"https:\/\/www.ikinciteknoloji.com\/index.php\/bilisim-guvenligi\/\" \/>\n<meta property=\"og:site_name\" content=\"\u0130kinci Teknoloji\" \/>\n<meta property=\"article:publisher\" content=\"https:\/\/www.facebook.com\/ikinciteknoloji\" \/>\n<meta property=\"article:modified_time\" content=\"2024-03-17T21:17:13+00:00\" \/>\n<meta name=\"twitter:card\" content=\"summary_large_image\" \/>\n<meta name=\"twitter:label1\" content=\"Tahmini okuma s\u00fcresi\" \/>\n\t<meta name=\"twitter:data1\" content=\"1 dakika\" \/>\n<script type=\"application\/ld+json\" class=\"yoast-schema-graph\">{\"@context\":\"https:\/\/schema.org\",\"@graph\":[{\"@type\":\"WebPage\",\"@id\":\"https:\/\/www.ikinciteknoloji.com\/index.php\/bilisim-guvenligi\/\",\"url\":\"https:\/\/www.ikinciteknoloji.com\/index.php\/bilisim-guvenligi\/\",\"name\":\"Bili\u015fim G\u00fcvenli\u011fi \u00c7\u00f6z\u00fcmleri - \u0130kinci Teknoloji\",\"isPartOf\":{\"@id\":\"https:\/\/www.ikinciteknoloji.com\/#website\"},\"datePublished\":\"2024-03-17T21:15:25+00:00\",\"dateModified\":\"2024-03-17T21:17:13+00:00\",\"description\":\"Kurumlar i\u00e7in hayati \u00f6neme sahip olan bilgilerin, g\u00fcn\u00fcm\u00fczde illegal yollarla elde edilebilmesi, kurumlar i\u00e7in b\u00fcy\u00fck bir tehdit olu\u015fturmaktad\u0131r.\",\"breadcrumb\":{\"@id\":\"https:\/\/www.ikinciteknoloji.com\/index.php\/bilisim-guvenligi\/#breadcrumb\"},\"inLanguage\":\"tr\",\"potentialAction\":[{\"@type\":\"ReadAction\",\"target\":[\"https:\/\/www.ikinciteknoloji.com\/index.php\/bilisim-guvenligi\/\"]}]},{\"@type\":\"BreadcrumbList\",\"@id\":\"https:\/\/www.ikinciteknoloji.com\/index.php\/bilisim-guvenligi\/#breadcrumb\",\"itemListElement\":[{\"@type\":\"ListItem\",\"position\":1,\"name\":\"Anasayfa\",\"item\":\"https:\/\/www.ikinciteknoloji.com\/\"},{\"@type\":\"ListItem\",\"position\":2,\"name\":\"Bili\u015fim G\u00fcvenli\u011fi \u00c7\u00f6z\u00fcmleri\"}]},{\"@type\":\"WebSite\",\"@id\":\"https:\/\/www.ikinciteknoloji.com\/#website\",\"url\":\"https:\/\/www.ikinciteknoloji.com\/\",\"name\":\"\u0130kinci Teknoloji\",\"description\":\"Donan\u0131m ve Yaz\u0131l\u0131m Hizmetleri\",\"publisher\":{\"@id\":\"https:\/\/www.ikinciteknoloji.com\/#organization\"},\"potentialAction\":[{\"@type\":\"SearchAction\",\"target\":{\"@type\":\"EntryPoint\",\"urlTemplate\":\"https:\/\/www.ikinciteknoloji.com\/?s={search_term_string}\"},\"query-input\":{\"@type\":\"PropertyValueSpecification\",\"valueRequired\":true,\"valueName\":\"search_term_string\"}}],\"inLanguage\":\"tr\"},{\"@type\":\"Organization\",\"@id\":\"https:\/\/www.ikinciteknoloji.com\/#organization\",\"name\":\"\u0130kinci Teknoloji\",\"url\":\"https:\/\/www.ikinciteknoloji.com\/\",\"logo\":{\"@type\":\"ImageObject\",\"inLanguage\":\"tr\",\"@id\":\"https:\/\/www.ikinciteknoloji.com\/#\/schema\/logo\/image\/\",\"url\":\"https:\/\/www.ikinciteknoloji.com\/wp-content\/uploads\/2019\/12\/ikinci-teknoloji-2.png\",\"contentUrl\":\"https:\/\/www.ikinciteknoloji.com\/wp-content\/uploads\/2019\/12\/ikinci-teknoloji-2.png\",\"width\":4961,\"height\":3508,\"caption\":\"\u0130kinci Teknoloji\"},\"image\":{\"@id\":\"https:\/\/www.ikinciteknoloji.com\/#\/schema\/logo\/image\/\"},\"sameAs\":[\"https:\/\/www.facebook.com\/ikinciteknoloji\",\"https:\/\/www.instagram.com\/ikinciteknoloji\/\"]}]}<\/script>\n<!-- \/ Yoast SEO plugin. -->","yoast_head_json":{"title":"Bili\u015fim G\u00fcvenli\u011fi \u00c7\u00f6z\u00fcmleri - \u0130kinci Teknoloji","description":"Kurumlar i\u00e7in hayati \u00f6neme sahip olan bilgilerin, g\u00fcn\u00fcm\u00fczde illegal yollarla elde edilebilmesi, kurumlar i\u00e7in b\u00fcy\u00fck bir tehdit olu\u015fturmaktad\u0131r.","robots":{"index":"index","follow":"follow","max-snippet":"max-snippet:-1","max-image-preview":"max-image-preview:large","max-video-preview":"max-video-preview:-1"},"canonical":"https:\/\/www.ikinciteknoloji.com\/index.php\/bilisim-guvenligi\/","og_locale":"tr_TR","og_type":"article","og_title":"Bili\u015fim G\u00fcvenli\u011fi \u00c7\u00f6z\u00fcmleri - \u0130kinci Teknoloji","og_description":"Kurumlar i\u00e7in hayati \u00f6neme sahip olan bilgilerin, g\u00fcn\u00fcm\u00fczde illegal yollarla elde edilebilmesi, kurumlar i\u00e7in b\u00fcy\u00fck bir tehdit olu\u015fturmaktad\u0131r.","og_url":"https:\/\/www.ikinciteknoloji.com\/index.php\/bilisim-guvenligi\/","og_site_name":"\u0130kinci Teknoloji","article_publisher":"https:\/\/www.facebook.com\/ikinciteknoloji","article_modified_time":"2024-03-17T21:17:13+00:00","twitter_card":"summary_large_image","twitter_misc":{"Tahmini okuma s\u00fcresi":"1 dakika"},"schema":{"@context":"https:\/\/schema.org","@graph":[{"@type":"WebPage","@id":"https:\/\/www.ikinciteknoloji.com\/index.php\/bilisim-guvenligi\/","url":"https:\/\/www.ikinciteknoloji.com\/index.php\/bilisim-guvenligi\/","name":"Bili\u015fim G\u00fcvenli\u011fi \u00c7\u00f6z\u00fcmleri - \u0130kinci Teknoloji","isPartOf":{"@id":"https:\/\/www.ikinciteknoloji.com\/#website"},"datePublished":"2024-03-17T21:15:25+00:00","dateModified":"2024-03-17T21:17:13+00:00","description":"Kurumlar i\u00e7in hayati \u00f6neme sahip olan bilgilerin, g\u00fcn\u00fcm\u00fczde illegal yollarla elde edilebilmesi, kurumlar i\u00e7in b\u00fcy\u00fck bir tehdit olu\u015fturmaktad\u0131r.","breadcrumb":{"@id":"https:\/\/www.ikinciteknoloji.com\/index.php\/bilisim-guvenligi\/#breadcrumb"},"inLanguage":"tr","potentialAction":[{"@type":"ReadAction","target":["https:\/\/www.ikinciteknoloji.com\/index.php\/bilisim-guvenligi\/"]}]},{"@type":"BreadcrumbList","@id":"https:\/\/www.ikinciteknoloji.com\/index.php\/bilisim-guvenligi\/#breadcrumb","itemListElement":[{"@type":"ListItem","position":1,"name":"Anasayfa","item":"https:\/\/www.ikinciteknoloji.com\/"},{"@type":"ListItem","position":2,"name":"Bili\u015fim G\u00fcvenli\u011fi \u00c7\u00f6z\u00fcmleri"}]},{"@type":"WebSite","@id":"https:\/\/www.ikinciteknoloji.com\/#website","url":"https:\/\/www.ikinciteknoloji.com\/","name":"\u0130kinci Teknoloji","description":"Donan\u0131m ve Yaz\u0131l\u0131m Hizmetleri","publisher":{"@id":"https:\/\/www.ikinciteknoloji.com\/#organization"},"potentialAction":[{"@type":"SearchAction","target":{"@type":"EntryPoint","urlTemplate":"https:\/\/www.ikinciteknoloji.com\/?s={search_term_string}"},"query-input":{"@type":"PropertyValueSpecification","valueRequired":true,"valueName":"search_term_string"}}],"inLanguage":"tr"},{"@type":"Organization","@id":"https:\/\/www.ikinciteknoloji.com\/#organization","name":"\u0130kinci Teknoloji","url":"https:\/\/www.ikinciteknoloji.com\/","logo":{"@type":"ImageObject","inLanguage":"tr","@id":"https:\/\/www.ikinciteknoloji.com\/#\/schema\/logo\/image\/","url":"https:\/\/www.ikinciteknoloji.com\/wp-content\/uploads\/2019\/12\/ikinci-teknoloji-2.png","contentUrl":"https:\/\/www.ikinciteknoloji.com\/wp-content\/uploads\/2019\/12\/ikinci-teknoloji-2.png","width":4961,"height":3508,"caption":"\u0130kinci Teknoloji"},"image":{"@id":"https:\/\/www.ikinciteknoloji.com\/#\/schema\/logo\/image\/"},"sameAs":["https:\/\/www.facebook.com\/ikinciteknoloji","https:\/\/www.instagram.com\/ikinciteknoloji\/"]}]}},"jetpack_sharing_enabled":true,"_links":{"self":[{"href":"https:\/\/www.ikinciteknoloji.com\/index.php\/wp-json\/wp\/v2\/pages\/5767","targetHints":{"allow":["GET"]}}],"collection":[{"href":"https:\/\/www.ikinciteknoloji.com\/index.php\/wp-json\/wp\/v2\/pages"}],"about":[{"href":"https:\/\/www.ikinciteknoloji.com\/index.php\/wp-json\/wp\/v2\/types\/page"}],"author":[{"embeddable":true,"href":"https:\/\/www.ikinciteknoloji.com\/index.php\/wp-json\/wp\/v2\/users\/1"}],"replies":[{"embeddable":true,"href":"https:\/\/www.ikinciteknoloji.com\/index.php\/wp-json\/wp\/v2\/comments?post=5767"}],"version-history":[{"count":4,"href":"https:\/\/www.ikinciteknoloji.com\/index.php\/wp-json\/wp\/v2\/pages\/5767\/revisions"}],"predecessor-version":[{"id":5772,"href":"https:\/\/www.ikinciteknoloji.com\/index.php\/wp-json\/wp\/v2\/pages\/5767\/revisions\/5772"}],"wp:attachment":[{"href":"https:\/\/www.ikinciteknoloji.com\/index.php\/wp-json\/wp\/v2\/media?parent=5767"}],"curies":[{"name":"wp","href":"https:\/\/api.w.org\/{rel}","templated":true}]}}